{"id":135,"date":"2020-04-17T07:42:12","date_gmt":"2020-04-17T05:42:12","guid":{"rendered":"http:\/\/hittfelder-muehle.de\/?page_id=135"},"modified":"2021-09-16T07:52:46","modified_gmt":"2021-09-16T05:52:46","slug":"felsenkeller","status":"publish","type":"page","link":"https:\/\/hittfelder-muehle.de\/index.php\/die-location\/felsenkeller\/","title":{"rendered":"M\u00fchle.Felsenkeller"},"content":{"rendered":"<h2>M\u00fchle.Felsenkeller<\/h2>\n<p>Der Name ist Programm. Diese Location ist f\u00fcr Eure Feiern vorbehalten und kann g\u00fcnstig und unkompliziert gemietet werden.<br \/>Bereits voll ausgestattet mit moderner Licht- und Tontechnik! Platz f\u00fcr euren DJ. Ideal f\u00fcr Geburtstage und alle weiteren unkomplizierten Feiern!<\/p>\n<p>Eine sehr sch\u00f6n in Szene gesetzte Felsenwand ist das Hauptaugenmerk von diesem unterirdischen Raum. Ein alter, gemauerter Ofen und eine Bar runden das ganze ab.<\/p>\n<p>Der Felsenkeller ist ausschlie\u00dflich zur Vermietung gedacht.<br \/><a href=\"http:\/\/hittfelder-muehle.de\/index.php\/muehle-buchen\/\" target=\"_blank\" rel=\"noopener noreferrer\">Mehr Informationen zum Buchen<\/a><\/p>\n\n\n<figure class=\"wp-block-gallery columns-3 is-cropped wp-block-gallery-1 is-layout-flex wp-block-gallery-is-layout-flex\"><ul class=\"blocks-gallery-grid\"><li class=\"blocks-gallery-item\"><figure><a href=\"http:\/\/hittfelder-muehle.de\/wp-content\/uploads\/2020\/04\/IMG_20190415_222542-scaled.jpg\" rel=\"lightbox[135]\"><img loading=\"lazy\" decoding=\"async\" width=\"1024\" height=\"528\" src=\"http:\/\/hittfelder-muehle.de\/wp-content\/uploads\/2020\/04\/IMG_20190415_222542-1024x528.jpg\" alt=\"\" data-id=\"212\" data-full-url=\"http:\/\/hittfelder-muehle.de\/wp-content\/uploads\/2020\/04\/IMG_20190415_222542-scaled.jpg\" data-link=\"http:\/\/hittfelder-muehle.de\/index.php\/felsenkeller\/img_20190415_222542\/\" class=\"wp-image-212\" srcset=\"https:\/\/hittfelder-muehle.de\/wp-content\/uploads\/2020\/04\/IMG_20190415_222542-1024x528.jpg 1024w, https:\/\/hittfelder-muehle.de\/wp-content\/uploads\/2020\/04\/IMG_20190415_222542-300x155.jpg 300w, https:\/\/hittfelder-muehle.de\/wp-content\/uploads\/2020\/04\/IMG_20190415_222542-768x396.jpg 768w, https:\/\/hittfelder-muehle.de\/wp-content\/uploads\/2020\/04\/IMG_20190415_222542-1536x792.jpg 1536w, https:\/\/hittfelder-muehle.de\/wp-content\/uploads\/2020\/04\/IMG_20190415_222542-2048x1056.jpg 2048w, https:\/\/hittfelder-muehle.de\/wp-content\/uploads\/2020\/04\/IMG_20190415_222542-890x459.jpg 890w, https:\/\/hittfelder-muehle.de\/wp-content\/uploads\/2020\/04\/IMG_20190415_222542-663x342.jpg 663w, https:\/\/hittfelder-muehle.de\/wp-content\/uploads\/2020\/04\/IMG_20190415_222542-600x309.jpg 600w\" sizes=\"auto, (max-width: 1024px) 100vw, 1024px\" \/><\/a><\/figure><\/li><li class=\"blocks-gallery-item\"><figure><a href=\"http:\/\/hittfelder-muehle.de\/wp-content\/uploads\/2020\/04\/IMG_20190415_222314-scaled.jpg\" rel=\"lightbox[135]\"><img loading=\"lazy\" decoding=\"async\" width=\"1024\" height=\"490\" src=\"http:\/\/hittfelder-muehle.de\/wp-content\/uploads\/2020\/04\/IMG_20190415_222314-1024x490.jpg\" alt=\"\" data-id=\"209\" data-full-url=\"http:\/\/hittfelder-muehle.de\/wp-content\/uploads\/2020\/04\/IMG_20190415_222314-scaled.jpg\" data-link=\"http:\/\/hittfelder-muehle.de\/index.php\/felsenkeller\/mde-11\/\" class=\"wp-image-209\" srcset=\"https:\/\/hittfelder-muehle.de\/wp-content\/uploads\/2020\/04\/IMG_20190415_222314-1024x490.jpg 1024w, https:\/\/hittfelder-muehle.de\/wp-content\/uploads\/2020\/04\/IMG_20190415_222314-300x143.jpg 300w, https:\/\/hittfelder-muehle.de\/wp-content\/uploads\/2020\/04\/IMG_20190415_222314-768x367.jpg 768w, https:\/\/hittfelder-muehle.de\/wp-content\/uploads\/2020\/04\/IMG_20190415_222314-1536x734.jpg 1536w, https:\/\/hittfelder-muehle.de\/wp-content\/uploads\/2020\/04\/IMG_20190415_222314-2048x979.jpg 2048w, https:\/\/hittfelder-muehle.de\/wp-content\/uploads\/2020\/04\/IMG_20190415_222314-890x426.jpg 890w, https:\/\/hittfelder-muehle.de\/wp-content\/uploads\/2020\/04\/IMG_20190415_222314-663x317.jpg 663w, https:\/\/hittfelder-muehle.de\/wp-content\/uploads\/2020\/04\/IMG_20190415_222314-600x287.jpg 600w\" sizes=\"auto, (max-width: 1024px) 100vw, 1024px\" \/><\/a><\/figure><\/li><li class=\"blocks-gallery-item\"><figure><a href=\"http:\/\/hittfelder-muehle.de\/wp-content\/uploads\/2020\/04\/IMG_20190415_222241-scaled.jpg\" rel=\"lightbox[135]\"><img loading=\"lazy\" decoding=\"async\" width=\"1024\" height=\"490\" src=\"http:\/\/hittfelder-muehle.de\/wp-content\/uploads\/2020\/04\/IMG_20190415_222241-1024x490.jpg\" alt=\"\" data-id=\"206\" data-full-url=\"http:\/\/hittfelder-muehle.de\/wp-content\/uploads\/2020\/04\/IMG_20190415_222241-scaled.jpg\" data-link=\"http:\/\/hittfelder-muehle.de\/index.php\/felsenkeller\/mde-8\/\" class=\"wp-image-206\" srcset=\"https:\/\/hittfelder-muehle.de\/wp-content\/uploads\/2020\/04\/IMG_20190415_222241-1024x490.jpg 1024w, https:\/\/hittfelder-muehle.de\/wp-content\/uploads\/2020\/04\/IMG_20190415_222241-300x143.jpg 300w, https:\/\/hittfelder-muehle.de\/wp-content\/uploads\/2020\/04\/IMG_20190415_222241-768x367.jpg 768w, https:\/\/hittfelder-muehle.de\/wp-content\/uploads\/2020\/04\/IMG_20190415_222241-1536x734.jpg 1536w, https:\/\/hittfelder-muehle.de\/wp-content\/uploads\/2020\/04\/IMG_20190415_222241-2048x979.jpg 2048w, https:\/\/hittfelder-muehle.de\/wp-content\/uploads\/2020\/04\/IMG_20190415_222241-890x426.jpg 890w, https:\/\/hittfelder-muehle.de\/wp-content\/uploads\/2020\/04\/IMG_20190415_222241-663x317.jpg 663w, https:\/\/hittfelder-muehle.de\/wp-content\/uploads\/2020\/04\/IMG_20190415_222241-600x287.jpg 600w\" sizes=\"auto, (max-width: 1024px) 100vw, 1024px\" \/><\/a><\/figure><\/li><li class=\"blocks-gallery-item\"><figure><a href=\"http:\/\/hittfelder-muehle.de\/wp-content\/uploads\/2020\/04\/IMG_20190301_210634-scaled.jpg\" rel=\"lightbox[135]\"><img loading=\"lazy\" decoding=\"async\" width=\"490\" height=\"1024\" src=\"http:\/\/hittfelder-muehle.de\/wp-content\/uploads\/2020\/04\/IMG_20190301_210634-490x1024.jpg\" alt=\"\" data-id=\"204\" data-full-url=\"http:\/\/hittfelder-muehle.de\/wp-content\/uploads\/2020\/04\/IMG_20190301_210634-scaled.jpg\" data-link=\"http:\/\/hittfelder-muehle.de\/index.php\/felsenkeller\/mde-7\/\" class=\"wp-image-204\" srcset=\"https:\/\/hittfelder-muehle.de\/wp-content\/uploads\/2020\/04\/IMG_20190301_210634-490x1024.jpg 490w, https:\/\/hittfelder-muehle.de\/wp-content\/uploads\/2020\/04\/IMG_20190301_210634-143x300.jpg 143w, https:\/\/hittfelder-muehle.de\/wp-content\/uploads\/2020\/04\/IMG_20190301_210634-768x1606.jpg 768w, https:\/\/hittfelder-muehle.de\/wp-content\/uploads\/2020\/04\/IMG_20190301_210634-734x1536.jpg 734w, https:\/\/hittfelder-muehle.de\/wp-content\/uploads\/2020\/04\/IMG_20190301_210634-979x2048.jpg 979w, https:\/\/hittfelder-muehle.de\/wp-content\/uploads\/2020\/04\/IMG_20190301_210634-890x1861.jpg 890w, https:\/\/hittfelder-muehle.de\/wp-content\/uploads\/2020\/04\/IMG_20190301_210634-663x1387.jpg 663w, https:\/\/hittfelder-muehle.de\/wp-content\/uploads\/2020\/04\/IMG_20190301_210634-600x1255.jpg 600w, https:\/\/hittfelder-muehle.de\/wp-content\/uploads\/2020\/04\/IMG_20190301_210634-scaled.jpg 1224w\" sizes=\"auto, (max-width: 490px) 100vw, 490px\" \/><\/a><\/figure><\/li><li class=\"blocks-gallery-item\"><figure><a href=\"http:\/\/hittfelder-muehle.de\/wp-content\/uploads\/2020\/04\/IMG_20190415_222247-scaled.jpg\" rel=\"lightbox[135]\"><img loading=\"lazy\" decoding=\"async\" width=\"1024\" height=\"490\" src=\"http:\/\/hittfelder-muehle.de\/wp-content\/uploads\/2020\/04\/IMG_20190415_222247-1024x490.jpg\" alt=\"\" data-id=\"207\" data-full-url=\"http:\/\/hittfelder-muehle.de\/wp-content\/uploads\/2020\/04\/IMG_20190415_222247-scaled.jpg\" data-link=\"http:\/\/hittfelder-muehle.de\/index.php\/felsenkeller\/mde-9\/\" class=\"wp-image-207\" srcset=\"https:\/\/hittfelder-muehle.de\/wp-content\/uploads\/2020\/04\/IMG_20190415_222247-1024x490.jpg 1024w, https:\/\/hittfelder-muehle.de\/wp-content\/uploads\/2020\/04\/IMG_20190415_222247-300x143.jpg 300w, https:\/\/hittfelder-muehle.de\/wp-content\/uploads\/2020\/04\/IMG_20190415_222247-768x367.jpg 768w, https:\/\/hittfelder-muehle.de\/wp-content\/uploads\/2020\/04\/IMG_20190415_222247-1536x734.jpg 1536w, https:\/\/hittfelder-muehle.de\/wp-content\/uploads\/2020\/04\/IMG_20190415_222247-2048x979.jpg 2048w, https:\/\/hittfelder-muehle.de\/wp-content\/uploads\/2020\/04\/IMG_20190415_222247-890x426.jpg 890w, https:\/\/hittfelder-muehle.de\/wp-content\/uploads\/2020\/04\/IMG_20190415_222247-663x317.jpg 663w, https:\/\/hittfelder-muehle.de\/wp-content\/uploads\/2020\/04\/IMG_20190415_222247-600x287.jpg 600w\" sizes=\"auto, (max-width: 1024px) 100vw, 1024px\" \/><\/a><\/figure><\/li><li class=\"blocks-gallery-item\"><figure><a href=\"http:\/\/hittfelder-muehle.de\/wp-content\/uploads\/2020\/04\/IMG_20190415_222300-scaled.jpg\" rel=\"lightbox[135]\"><img loading=\"lazy\" decoding=\"async\" width=\"1024\" height=\"490\" src=\"http:\/\/hittfelder-muehle.de\/wp-content\/uploads\/2020\/04\/IMG_20190415_222300-1024x490.jpg\" alt=\"\" data-id=\"208\" data-full-url=\"http:\/\/hittfelder-muehle.de\/wp-content\/uploads\/2020\/04\/IMG_20190415_222300-scaled.jpg\" data-link=\"http:\/\/hittfelder-muehle.de\/index.php\/felsenkeller\/mde-10\/\" class=\"wp-image-208\" srcset=\"https:\/\/hittfelder-muehle.de\/wp-content\/uploads\/2020\/04\/IMG_20190415_222300-1024x490.jpg 1024w, https:\/\/hittfelder-muehle.de\/wp-content\/uploads\/2020\/04\/IMG_20190415_222300-300x143.jpg 300w, https:\/\/hittfelder-muehle.de\/wp-content\/uploads\/2020\/04\/IMG_20190415_222300-768x367.jpg 768w, https:\/\/hittfelder-muehle.de\/wp-content\/uploads\/2020\/04\/IMG_20190415_222300-1536x734.jpg 1536w, https:\/\/hittfelder-muehle.de\/wp-content\/uploads\/2020\/04\/IMG_20190415_222300-2048x979.jpg 2048w, https:\/\/hittfelder-muehle.de\/wp-content\/uploads\/2020\/04\/IMG_20190415_222300-890x426.jpg 890w, https:\/\/hittfelder-muehle.de\/wp-content\/uploads\/2020\/04\/IMG_20190415_222300-663x317.jpg 663w, https:\/\/hittfelder-muehle.de\/wp-content\/uploads\/2020\/04\/IMG_20190415_222300-600x287.jpg 600w\" sizes=\"auto, (max-width: 1024px) 100vw, 1024px\" \/><\/a><\/figure><\/li><li class=\"blocks-gallery-item\"><figure><a href=\"http:\/\/hittfelder-muehle.de\/wp-content\/uploads\/2020\/04\/IMG_20190415_222330-scaled.jpg\" rel=\"lightbox[135]\"><img loading=\"lazy\" decoding=\"async\" width=\"490\" height=\"1024\" src=\"http:\/\/hittfelder-muehle.de\/wp-content\/uploads\/2020\/04\/IMG_20190415_222330-490x1024.jpg\" alt=\"\" data-id=\"210\" data-full-url=\"http:\/\/hittfelder-muehle.de\/wp-content\/uploads\/2020\/04\/IMG_20190415_222330-scaled.jpg\" data-link=\"http:\/\/hittfelder-muehle.de\/index.php\/felsenkeller\/mde-12\/\" class=\"wp-image-210\" srcset=\"https:\/\/hittfelder-muehle.de\/wp-content\/uploads\/2020\/04\/IMG_20190415_222330-490x1024.jpg 490w, https:\/\/hittfelder-muehle.de\/wp-content\/uploads\/2020\/04\/IMG_20190415_222330-143x300.jpg 143w, https:\/\/hittfelder-muehle.de\/wp-content\/uploads\/2020\/04\/IMG_20190415_222330-768x1606.jpg 768w, https:\/\/hittfelder-muehle.de\/wp-content\/uploads\/2020\/04\/IMG_20190415_222330-734x1536.jpg 734w, https:\/\/hittfelder-muehle.de\/wp-content\/uploads\/2020\/04\/IMG_20190415_222330-979x2048.jpg 979w, https:\/\/hittfelder-muehle.de\/wp-content\/uploads\/2020\/04\/IMG_20190415_222330-890x1861.jpg 890w, https:\/\/hittfelder-muehle.de\/wp-content\/uploads\/2020\/04\/IMG_20190415_222330-663x1387.jpg 663w, https:\/\/hittfelder-muehle.de\/wp-content\/uploads\/2020\/04\/IMG_20190415_222330-600x1255.jpg 600w, https:\/\/hittfelder-muehle.de\/wp-content\/uploads\/2020\/04\/IMG_20190415_222330-scaled.jpg 1224w\" sizes=\"auto, (max-width: 490px) 100vw, 490px\" \/><\/a><\/figure><\/li><li class=\"blocks-gallery-item\"><figure><a href=\"http:\/\/hittfelder-muehle.de\/wp-content\/uploads\/2020\/04\/IMG_20190415_222343-scaled.jpg\" rel=\"lightbox[135]\"><img loading=\"lazy\" decoding=\"async\" width=\"1024\" height=\"490\" src=\"http:\/\/hittfelder-muehle.de\/wp-content\/uploads\/2020\/04\/IMG_20190415_222343-1024x490.jpg\" alt=\"\" data-id=\"211\" data-full-url=\"http:\/\/hittfelder-muehle.de\/wp-content\/uploads\/2020\/04\/IMG_20190415_222343-scaled.jpg\" data-link=\"http:\/\/hittfelder-muehle.de\/index.php\/felsenkeller\/mde-13\/\" class=\"wp-image-211\" srcset=\"https:\/\/hittfelder-muehle.de\/wp-content\/uploads\/2020\/04\/IMG_20190415_222343-1024x490.jpg 1024w, https:\/\/hittfelder-muehle.de\/wp-content\/uploads\/2020\/04\/IMG_20190415_222343-300x143.jpg 300w, https:\/\/hittfelder-muehle.de\/wp-content\/uploads\/2020\/04\/IMG_20190415_222343-768x367.jpg 768w, https:\/\/hittfelder-muehle.de\/wp-content\/uploads\/2020\/04\/IMG_20190415_222343-1536x734.jpg 1536w, https:\/\/hittfelder-muehle.de\/wp-content\/uploads\/2020\/04\/IMG_20190415_222343-2048x979.jpg 2048w, https:\/\/hittfelder-muehle.de\/wp-content\/uploads\/2020\/04\/IMG_20190415_222343-890x426.jpg 890w, https:\/\/hittfelder-muehle.de\/wp-content\/uploads\/2020\/04\/IMG_20190415_222343-663x317.jpg 663w, https:\/\/hittfelder-muehle.de\/wp-content\/uploads\/2020\/04\/IMG_20190415_222343-600x287.jpg 600w\" sizes=\"auto, (max-width: 1024px) 100vw, 1024px\" \/><\/a><\/figure><\/li><\/ul><\/figure>\n","protected":false},"excerpt":{"rendered":"<p>M\u00fchle.Felsenkeller Der Name ist Programm. Diese Location ist f\u00fcr Eure Feiern vorbehalten und kann g\u00fcnstig und unkompliziert gemietet werden.Bereits voll ausgestattet mit moderner Licht- und Tontechnik! Platz f\u00fcr euren DJ. Ideal f\u00fcr Geburtstage und alle weiteren unkomplizierten Feiern! Eine sehr [&hellip;]<\/p>\n","protected":false},"author":1,"featured_media":59,"parent":124,"menu_order":0,"comment_status":"closed","ping_status":"closed","template":"","meta":{"footnotes":""},"class_list":["post-135","page","type-page","status-publish","has-post-thumbnail","hentry"],"_links":{"self":[{"href":"https:\/\/hittfelder-muehle.de\/index.php\/wp-json\/wp\/v2\/pages\/135","targetHints":{"allow":["GET"]}}],"collection":[{"href":"https:\/\/hittfelder-muehle.de\/index.php\/wp-json\/wp\/v2\/pages"}],"about":[{"href":"https:\/\/hittfelder-muehle.de\/index.php\/wp-json\/wp\/v2\/types\/page"}],"author":[{"embeddable":true,"href":"https:\/\/hittfelder-muehle.de\/index.php\/wp-json\/wp\/v2\/users\/1"}],"replies":[{"embeddable":true,"href":"https:\/\/hittfelder-muehle.de\/index.php\/wp-json\/wp\/v2\/comments?post=135"}],"version-history":[{"count":11,"href":"https:\/\/hittfelder-muehle.de\/index.php\/wp-json\/wp\/v2\/pages\/135\/revisions"}],"predecessor-version":[{"id":470,"href":"https:\/\/hittfelder-muehle.de\/index.php\/wp-json\/wp\/v2\/pages\/135\/revisions\/470"}],"up":[{"embeddable":true,"href":"https:\/\/hittfelder-muehle.de\/index.php\/wp-json\/wp\/v2\/pages\/124"}],"wp:featuredmedia":[{"embeddable":true,"href":"https:\/\/hittfelder-muehle.de\/index.php\/wp-json\/wp\/v2\/media\/59"}],"wp:attachment":[{"href":"https:\/\/hittfelder-muehle.de\/index.php\/wp-json\/wp\/v2\/media?parent=135"}],"curies":[{"name":"wp","href":"https:\/\/api.w.org\/{rel}","templated":true}]}}